e 4*m - t = -1 + 46, -4*m = 4*t - 60. Let w be (-18)/(-8) - 3/m. Let u(s) = 102*s - 60*s - 50*s + 1. What is u(w)?
-15
Let q(z) = -z**2 - 2*z + 3. Suppose 11*f = -11*f + 11*f. Calculate q(f).
3
Let q(s) be the third derivative of s**6/120 - s**5/12 - s**4/3 + 4*s**3/3 + 78*s**2. Let d be 64/10 + 6/(-15). What is q(d)?
-4
Let j(p) = 11*p + 40. Let i be j(-3). Let m(d) = -d**2 + 10*d - 15. What is m(i)?
6
Suppose 26 - 10 = i. Let n = -12 + i. Let t(l) = -l + 8*l**3 - 5*l**2 - n*l**3 - l - 5*l**3. What is t(-4)?
-8
Let g = 29 + -46. Let j = -2 - g. Suppose -18 = -4*m + u - 3*u, -5*u + j = 0. Let s(n) = 2*n - 4. Calculate s(m).
2
Let u(p) = -16*p + 1. Let a(m) = 3*m + 1. Let y(c) = 6*a(c) + u(c). Suppose 2*b = -0*b, 0 = 2*v - 4*b + 10. Calculate y(v).
-3
Let m be 1*7 - (22 - 25). Let c(i) = i**3 - 11*i**2 + 10*i - 5. Give c(m).
-5
Let j be (0/2)/(-6 - 9/(-3)). Let z(b) = b**2 + b - 35. Determine z(j).
-35
Let z(l) = -7 - 4*l + 3*l - l. Let k be 6/(-8) + 110/8. Let r = k - 18. Determine z(r).
3
Suppose -2*c - 4*j = c, -5*c + 3*j + 29 = 0. Let o(q) = 3*q - 4 - 5*q + c*q. Give o(3).
2
Let q(t) = 4*t**2 - 1. Suppose -3*o - 4*u - 5 = 0, 0*u = -4*o - 5*u - 5. Suppose -67 = -o*w + 83. Suppose 5*g + w = 25. Give q(g).
3
Let a(u) = -4 + 4 + 19*u - 22*u. Let j(i) = i**3 + 2*i**2 - 4*i - 3. Let m be j(-2). Let s = 4 - m. Give a(s).
3
Let o = -6 + 4. Let t = 59 + -56. Let z(l) = -9 + t + 2*l + 8. Calculate z(o).
-2
Let y(i) = -3*i**2 - 2*i - 11. Let n(x) = -x**2 - x - 5. Suppose -4*b + 4*w = 9*w - 13, 3*b - 18 = -w. Let q(u) = b*n(u) - 3*y(u). Calculate q(2).
4
Let y(w) = 15*w + 61. Let k be y(-3). Let b(s) = 2*s - 28. Give b(k).
4
Suppose 0*y - 5*y = -10. Let i be 15*((-4)/(-6))/y. Let f = i - 2. Let x(d) = d - 6. What is x(f)?
-3
Let d be (-18)/(1 - 4 - (2 + -7)). Let n(m) = -m - 3. Give n(d).
6
Let n = -231 + 233. Let m be 1/1 + 4 + -1. Let k(v) = -m*v - n + v + 4*v. Give k(-2).
-4
Let x(r) = -r + 3. Let q(j) = -4*j - 10. Let u be q(-6). Let i = u + -10. Suppose 4*k = -i*l + 4, -4*l - l = k - 25. Give x(l).
-3
Let u(a) = -a**2 + 3*a - 3. Let i = 42 + -33. Suppose -b - 4*b - i = -2*s, 3*b = -2*s + 1. Suppose 0 = -s*p - p + 9. Calculate u(p).
-3
Let f = 16 - 14. Let u = -15 + 15. Let g(o) = 0 + u*o + o + f + 0*o. Determine g(-2).
0
Let k(s) = 69*s**3 + 15*s**2 - 2 - 12*s**2 - 5 - s - 70*s**3 + 5. Determine k(3).
-5
Let j = -176 + 165. Let x(i) = -i**3 - 10*i**2 + 9*i - 18. Give x(j).
4
Suppose -5 = -5*w, 0 = -9*s + 7*s - 2*w - 44. Let m(d) = -d**2 - 25*d - 50. Determine m(s).
-4
Let y(w) = w**2 - w - 12. Let j(u) = -3. Let z(c) = 4*j(c) - y(c). What is z(3)?
-6
Suppose -4*g + 85 = 3*b, -3*g + 89 = 3*b + 2*g. Suppose -6*v + 2*n + 3 = -5*v, 5*v - 2*n = b. Let p(r) = 0 + 7 - 6 - v*r + r**2. Give p(5).
1
Let f(j) be the third derivative of -j**4/12 + 8*j**3/3 - 810*j**2. Determine f(0).
16
Let v(f) = 3*f**3 - 7*f**2 - 6*f - 4. Let u(i) be the third derivative of -i**6/120 + i**3/6 - 5*i**2. Let k(o) = 2*u(o) + v(o). Determine k(8).
14
Suppose 5*w + 36 = 4*q + w, w = 5. Suppose 2 = -l + q. Suppose 3*c - 2*v - 2 = l, -5*c = v - 19. Let y(j) = j**3 - 4*j**2 + j - 5. Calculate y(c).
-1
Suppose -21 - 5 = 2*v. Let j(n) be the second derivative of -n**3/6 - 15*n**2/2 - 2*n + 25. Give j(v).
-2
Let b(h) = 2*h**2 - 7*h + 5. Let k be (0 + 15/(-9))*720/(-200). Calculate b(k).
35
Suppose 0 = -2*a - 0*a - 14. Let u(x) = -x**3 - 5*x**2 + 3*x + 3. Let j(v) = 3*v**3 + 14*v**2 - 10*v - 6. Let k(p) = -2*j(p) - 7*u(p). Determine k(a).
-2
Suppose -5*o + 32 = b, 6*b + 5*o = b + 60. Let d(f) = f**2 - 8*f + 12. Let r be d(b). Let x(t) = -t**3 + 4*t**2 + 3*t + 2. Give x(r).
-8
Let b(j) be the second derivative of -1/4*j**4 + 32*j - 1/3*j**3 + 0 - 1/20*j**5 + j**2. Let y = -8 + 6. Calculate b(y).
2
Let u(v) = v**3 + 9*v**2 - 11*v - 8. Let k be u(-10). Let t(o) = 2*o + 1 - 2 + k - 3. Let l(h) = 3*h - 2. Let n be l(0). Give t(n).
-6
Suppose -2*u - 2*f + 18 = 0, -5*u + 4*f + 59 = 14. Let o(s) = -s**2 + 12*s + 13. What is o(u)?
40
Let v(a) = a**2 + a - 1. Let m(j) = j**3 + 12*j**2 - 7*j - 4. Let t(c) = m(c) - 3*v(c). Give t(-10).
-1
Suppose -q - 4*q + 10 = 0. Let g(f) = f**3 + 3 - 5*f + f - 6*f**2 + 10*f**q. Calculate g(2).
19
Suppose -m = 4*m - 3*x - 13, 2*m - 3*x = 7. Let b(w) = 2*w + 0*w - 6 - 13 - 1 + 18. Give b(m).
2
Let r(v) = -v**3 - 7*v**2 - 8*v - 9. Suppose -4*n = w - 6, 4*n + 10 = 2*w + 22. Let z be w/6 + 34/(-6). What is r(z)?
3
Let h = -181 - -184. Let u(l) = -5 - 2*l + 3*l**2 + l**3 - 5*l + 0*l**2. Let o(p) = 2*p**3 + 6*p**2 - 13*p - 10. Let r(i) = h*o(i) - 5*u(i). Determine r(-4).
-5
Let p(t) be the first derivative of 3*t**2 - 1/3*t**3 + 2 - 7*t. Determine p(7).
-14
Let f(h) = -6*h + 55. Let m(o) = -2*o + 18. Let g(r) = -3*f(r) + 8*m(r). What is g(9)?
-3
Let n be 3*(-3 - (-20)/3). Let v(t) = -n + 3 + 2*t + 7. Give v(2).
3
Let h = -179 - -277. Let o = 106 - h. Let n(r) = r**2 - 7*r - 6. Give n(o).
2
Let a be (3 - 2) + (-2)/(-1). Suppose 15 = a*y - 8*y. Let k(u) be the third derivative of u**6/120 + u**5/20 + u**4/6 + 6*u**2. Determine k(y).
-12
Let z = 4 - 1. Let v(y) = 0 + 4*y - z*y - 1. Suppose -2*k + 4*h = -8, 1693 - 1705 = 3*h. Calculate v(k).
-5
Let u(c) = -774 + 10*c - c**2 + 782 - 18*c + 0*c**2. Suppose -29 = 5*o - 2*z + 14, 2*z - 1 = -o. Give u(o).
15
Let j(i) = 5*i**3 - 8*i**2 + 5*i - 10. Let g(x) = 2*x**3 - x. Let w(b) = -3*g(b) + j(b). Give w(-9).
-1
Let l(x) = -10*x + 69. Let f be l(4). Suppose -f = -5*j - 39. Let r(y) be the first derivative of y**3 + y**2 + 2*y + 1. Give r(j).
10
Suppose -3*d = -6*d. Suppose -6*r - 46 - 20 = d. Let a be 2*1 + (-44)/r. Let i(f) = f**2 - 4*f - 5. Calculate i(a).
7
Let c(d) = d**3 - d**2 + d. Let b(n) = -2*n**3 - 2*n**2 - 9*n - 4. Let y = 153 + -150. Let t(k) = y*c(k) + b(k). Give t(6).
-4
Let w(m) = 9*m - 2*m - 2 - 4*m - 2*m. What is w(4)?
2
Let h = 1546 + -1542. Let r(f) be the first derivative of -1 - h*f + 1/2*f**2. Calculate r(-3).
-7
Suppose -y - y = -24. Let p(c) be the second derivative of c**4/12 - 2*c**3 - 2417*c. Calculate p(y).
0
Let d = -10 + 28. Let m(y) = -y + 17 - y**3 - 6*y**2 - 42 + d. Determine m(-6).
-1
Let i = -25 - -27. Let c be (2/i)/((4/2)/(-6)). Let h(d) = -2*d - 4. Give h(c).
2
Let l(r) = 6 + 5*r**2 - 14 + 5 + 4 - 5*r + 2*r**3 + 4*r. Determine l(-3).
-5
Let j be ((-12)/(-8))/((-9)/(-24)). Suppose x - j = 2*x. Let i(m) be the first derivative of -m**3/3 - 7*m**2/2 - 6*m - 2. What is i(x)?
6
Let g(d) = -8*d + 3. Let f be g(-1). Let h(w) = -f*w + 4*w - 3 + 6*w. Suppose 3*i - s = 13, -8 = -4*i + 5*s + 24. Determine h(i).
-6
Let o(v) = -3*v + 4. Let n be o(3). Let t(i) = 2*i**3 + 12*i**2 + 4*i + 21. Let k(g) = -g**3 - 6*g**2 - 2*g - 10. Let p(h) = 11*k(h) + 5*t(h). Calculate p(n).
-20
Let m(j) be the second derivative of -j**5/20 + j**4/2 - 5*j**3/6 + 2*j**2 - 663*j. Determine m(4).
16
Let u(w) = w**3 + 2*w**2. Suppose 7*d + 280 = 2*d. Let p be -1 + 11 + d/14. Suppose -2*t = -p*t - 8. Calculate u(t).
0
Let y(b) = 5*b - 8. Let c(i) = i - 1. Let z(f) = 6*c(f) - y(f). Suppose 5*n - 10 = 4*w, -4*n + 3*w = -0 - 9. Suppose q - n = -2*q. Give z(q).
4
Let h(i) = 3*i + 9. Let q(j) = 2*j + 6*j - 10 - 11*j. Let x(o) = -6*h(o) - 5*q(o). Determine x(-3).
5
Let f = -705 - -707. Let i(q) be the first derivative of 1/3*q**3 + q - 2*q**4 + q**f - 7. Determine i(-1).
8
Let s(b) = -b**3 - 9*b**2 + b + 6. Let w be -16 - -6 - 1/(-1). Calculate s(w).
-3
Suppose 0 = 3*m - 15, -5*z - 80 = -10*z - 4*m. Let i(l) = -l**3 + 11*l**2 + 14*l - 13. Give i(z).
11
Let l(i) = -i**3 - 18*i**2 + 20*i + 16. Suppose -256*m = -243*m + 247. Calculate l(m).
-3
Let q(h) = -9*h + 428. Let v be q(47). Let y(c) = -c**2 - 3. Calculate y(v).
-28
Let x(g) = g**3 + 25*g**2 - 26*g + 3. Let s be x(-26). Let m(d) = 4*d**2 - 3*d**3 - 6*d + 12 + 9*d**s - 5*d**3 + 4*d**2. Give m(-9).
-15
Suppose p + 6 = 2*p. Let b(o) = o - 10. Let v be b(p). Let q(l) = -2*l + 3*l + 4*l + 3 + l**2. Calculate q(v).
-1
Let r(t) = t**3 - t**2 - 5*t + 4. Suppose 6 = 2*s - 0, -5*y + 5*s = 15. Suppose y = 5*v - v. Suppose 0 = -v*n - 3*n + 9. Calculate r(n).
7
Let w(g) be the second derivative of -g**5/20 - g**4/2 - 5*g**3/6 + g**2/2 - 161*g. What is w(-6)?
31
Let d = 2 + 0. Let j(s) = -1 + 33*s - 6*s**d - 27*s + 5*s**2. Let r = -8 - -14. What is j(r)?
-1
Let l(b) be the first derivative